ens digit of z?
1
Suppose -6*m + 10 = -m. Let o(k) = k**3 - 2*k**2 + 4*k - 2. What is the units digit of o(m)?
6
Suppose j + 1 = 105. Suppose -5*g = 4 - j. What is the tens digit of g?
2
Let n(k) = -10*k - 15. What is the tens digit of n(-6)?
4
Let w = -26 - -97. What is the tens digit of w?
7
Let c = 4 - -1. Suppose z - 19 = -5*k, 3*z + c*k - 35 + 8 = 0. Suppose 2*l = 4*w + z*l - 28, 5*w + 5*l = 30. What is the units digit of w?
8
Suppose 5*q = h + 2*q - 10, -4*q - 5 = -h. What is the tens digit of h?
2
Suppose -44 = -6*m + 70. What is the units digit of m?
9
What is the tens digit of 1 - (-265 - (-5)/(-1))?
7
Suppose -29 = -5*f + 26. Let o = f - 3. What is the units digit of o?
8
Suppose -v + 35 - 15 = 0. Suppose -25 = -5*j - 3*b, -j - 3*b + v = 3*j. What is the units digit of j?
5
Suppose 6 + 174 = 4*n + 4*r, 0 = 5*n + 2*r - 222. What is the units digit of n?
4
Let x be ((-2 - -10) + -2)/2. Suppose -5*i + x*i + 56 = 0. What is the units digit of i?
8
Let b(y) = -y**3 + 7*y**2 - 6*y + 9. Let k = -16 + 22. What is the units digit of b(k)?
9
Let g(x) = -x - 7. Let k be g(-10). Let u(j) = -k*j + 2 - 3 + 0 + 4*j. What is the units digit of u(10)?
9
Let d(h) = h**3 + 3. Suppose o + 5*z + 20 = 0, 3*o - 2*z - 7 = 1. Let t be d(o). Let b = 8 - t. What is the units digit of b?
5
Let c(u) = -u**2 + 6*u. Let w be c(5). Suppose 2*a + 0 - 4 = w*z, a - 2 = -z. What is the units digit of a?
2
Let f(o) = 1. Let z(k) = -k + 1. Let y(c) = 4*f(c) + z(c). Let u be y(5). Suppose 5*b - q - q = 28, u = -b + 3*q + 16. What is the units digit of b?
4
Let w = 85 + -22. What is the tens digit of w?
6
Let x(k) = -4*k**2 - 2*k**2 - k**2 + 6*k**2 + 5*k. Let m be x(4). Let t = m + -3. What is the units digit of t?
1
Let s be 70/12 + 2/12. Suppose -s*r - 3*y = -r - 24, -2*r - 2*y + 12 = 0. Suppose -5*t + 5*l = -40, r*t + t - 3*l = 27. What is the units digit of t?
3
Let y(c) = 6*c - c**3 + 3*c - 10*c**2 + 4 - 3. What is the tens digit of y(-11)?
2
Let u(s) = -s**2 - 6*s + 5. Let z be u(-6). Suppose -2*c = z*b - 107, -3*c - 3*b + 5 = -133. Suppose 11 - c = -2*v. What is the units digit of v?
5
Let r be 6*((-140)/(-6))/1. Suppose 9*v = 4*v + r. What is the tens digit of v?
2
Let z be -4 + (1 - 4/(-4)). What is the units digit of 27 - (-1 - (-5 - z))?
5
Let d(m) = -m**2 + 9*m + 14. Let o be d(10). What is the units digit of (-2 + 1)/(o/(-24))?
6
Let q = -1 + 4. Suppose -2 = 2*b + 3*f - 16, 5*b - 35 = q*f. What is the units digit of b?
7
Suppose 3*u + 3*s = -3 - 30, 0 = u + 2*s + 15. Let a = u - -6. Let k = 2 - a. What is the units digit of k?
3
Suppose 0*n - 56 = -4*s + 5*n, -4*s = n - 56. Suppose x = 4 + s. What is the units digit of x?
8
Suppose 5*r + 3 = -2. Let u = 22 - r. What is the tens digit of u?
2
Let b(i) = i**3 + 5*i**2 + 4*i + 3. Let t be b(-4). Suppose -k - t*k + 52 = 0. What is the units digit of k?
3
Let g be 0 + 1 - (-1 + -1). Suppose -4*x = -9*x + 10. Let m = g - x. What is the units digit of m?
1
Let g = 24 - -9. What is the tens digit of g?
3
Suppose -6*k = -7*k + 71. What is the units digit of k?
1
Let c(f) = 2*f**2 + 6*f. Let i(s) = 3*s**2 + 7*s. Let g(q) = -6*c(q) + 5*i(q). Suppose 0 = -5*o - 3*u - 1, o + 5*u + 8 = -1. What is the units digit of g(o)?
2
Let n(q) = -q**2 + 9*q - 6. Let a be n(8). Suppose 2*y = -2*t + 58, 4*t - 3*y = a*y + 89. What is the units digit of t?
6
Suppose s + 3*s + 5*o = 307, -5*s + 389 = o. What is the units digit of s?
8
Suppose 5*k + 0*m = -2*m + 15, 0 = 5*k - m. Suppose -4 = -i + 2*d, -i + 0 + 1 = -d. Let l = k - i. What is the units digit of l?
3
Suppose -29 = -4*r + 3. What is the units digit of r?
8
What is the tens digit of 188/(-6)*-3 + (5 - 2)?
9
Suppose 5 = -d - 2*n, 3*d = -d - n + 15. Suppose -2*a + 16 = 2*p, a = -d*p + p + 17. Suppose -23 + 3 = -a*c. What is the units digit of c?
4
Let m(i) = 3*i**2 - 7*i + 4. Let c be m(6). Suppose 4*j + 2*q - c = 0, 0*j - j = -4*q + 5. What is the units digit of j?
5
Let p be -1 + -1 - (-3 - 5). Suppose -7*a = -p*a - 27. What is the tens digit of a?
2
Suppose -2*z + 3*z = 4. Suppose 18 = 2*k - 0*k + z*h, -2*k - 14 = -4*h. What is the units digit of k?
1
Suppose 2*c + 4 - 26 = 0. What is the tens digit of c?
1
Let y(a) = a**2 - 2*a - 1. What is the tens digit of y(-4)?
2
Suppose 6*u - 16 = 2*u. Suppose 2*v = u*v - 48. What is the units digit of v?
4
Let u = -21 + 39. Suppose 4*v - v - u = -3*w, 5*v = -3*w + 24. Suppose -4*r + v*r = -6. What is the units digit of r?
6
Let v be (-1)/(-4) - (-279)/(-12). Let i = -6 - v. Let f = -9 + i. What is the units digit of f?
8
Suppose -40 - 30 = -h. Suppose 130 = 3*i - c, i + 0*i = -5*c + h. What is the tens digit of i?
4
Let f(y) = y**2 + 8*y + 9. Let g be f(-7). Suppose -4*k - g*x = -238, -4*x - 7 = -3. What is the tens digit of k?
6
Let d be ((-2)/4)/((-1)/4). Suppose -7*v = -2*v + 4*n + 109, -3*n = v + 24. What is the units digit of -2*(v/6 + d)?
3
Let m(a) = 15*a + 1. Let b be m(3). Suppose -5*s + 11 = 5*l - 44, 0 = -4*l - 3*s + b. What is the tens digit of l?
1
Let y = 27 - 19. Let q(a) = -a**2 + 10*a - 11. What is the units digit of q(y)?
5
Let o = 4 + -7. Let d = 5 + o. What is the units digit of d?
2
Let j(a) = -3*a**3 + a**2 - 1. Let z be j(-1). Suppose -w + c = -10, w - 5*w = z*c - 54. What is the units digit of w?
2
What is the units digit of ((-146)/(-5))/(10/25)?
3
Suppose 0 = 2*j + 4*h - 370, -283 = -5*j - 5*h + 647. What is the units digit of j?
7
Suppose -4*o + 19 = -17. What is the units digit of o?
9
Suppose -7*d = -2*d + 115. Let y = 52 + d. What is the units digit of y?
9
Suppose t - 76 = -3*t. Let y = t + -9. What is the tens digit of y?
1
Let s(u) = -u**3 - 9*u**2 - 9*u - 5. Let z be s(-8). Suppose -z*o = 5*g - 65, -4*g - 5*o = -34 - 31. What is the tens digit of g?
1
What is the tens digit of 4 - -4*(-315)/(-10)?
3
Suppose -5*m = -106 - 159. Suppose 0 = -5*w - 4*x + m, w - 6*x = -x - 1. What is the units digit of w?
9
Let c(m) = 4*m**3 - 2*m + 1. Let p be c(2). Let o = p + -11. What is the tens digit of o?
1
Let f(c) = 32*c - 16. What is the hundreds digit of f(4)?
1
Let y be (3 - -15)*(-20)/(-6). Let s = -35 + y. What is the tens digit of s?
2
Let x = -32 + 83. Suppose -5*b + n = -x, -4*n = 2*b - b - 6. What is the tens digit of b?
1
Let y(k) = -3*k - 2. Let j be y(-2). Let t be (-2)/j + 5/2. What is the units digit of (2 + t)/(-2) - -12?
0
Let j be (-222)/(-8) - (-5)/20. Suppose -5*x - 4*c = -77, j = 4*x - 3*x + 5*c. What is the units digit of x?
3
Suppose 2*x + 4*x = 378. What is the tens digit of x?
6
Let t = 1 + 1. Let j = -5 + t. What is the units digit of 9 + 2 + 1 + j?
9
Let x = -35 + 21. Let y = 41 + x. What is the units digit of y?
7
Let b = -8 - -9. Let c = -5 - 1. What is the tens digit of (-1 - 1)*(b + c)?
1
Suppose 5*t = 0, 0 = 2*k + t + 3*t - 36. Suppose 0 = 5*f + k - 83. What is the units digit of f?
3
Let p(c) = -c + 13. Suppose i - 3*i = 12. What is the tens digit of p(i)?
1
Suppose 3*h + 2*h - 10 = 0. Let s(g) = -g**2 + 2*g - 3. Let v be s(h). What is the units digit of (-1)/v - (-5)/3?
2
Let q(w) = 2*w**3 - 4*w**2 + w + 7. What is the tens digit of q(4)?
7
Suppose -d = -6*d - 30. What is the units digit of 2 - (-9)/d*-22?
5
Suppose 16 + 74 = 5*x. What is the units digit of x?
8
What is the units digit of 43*(6/(-24) - (-9)/4)?
6
Suppose 0*z - 5*z + 1675 = -5*b, 0 = -z - 3*b + 319. What is the hundreds digit of z?
3
What is the tens digit of (1 - 119)*(-1)/2?
5
Suppose -5 = 5*b + 10. Let m(x) = 2*x**2 + 5*x + 4. Let v be m(b). Suppose -4*p - 2*y - v = -p, -3*p + 5*y = -28. What is the units digit of p?
1
Suppose 5 = 2*o - o. Suppose 0 = o*q - 6*q + 4. What is the units digit of q?
4
Let f be (-10 + (0 - 3))*-1. Let j = f + -34. What is the units digit of (-200)/(-14) + 6/j?
4
Let g(b) = b**2 + 5*b + 3. Let c be g(-5). What is the tens digit of ((-64)/c)/(18/(-27))?
3
Let l be (-6)/(-12)*10*1. What is the units digit of (l/1)/(15/6)?
2
Suppose 3*j - 8*j = -5. Suppose -m = -1 - j. Suppose 2*c - 10 = m. What is the units digit of c?
6
Suppose -2*v = -v - 5*j - 7, 5*v - 115 = 5*j. Let x = -15 + v. What is the tens digit of x?
1
Let g(i) = 2*i**2 - 4*i - 7. Let d be g(5). Suppose 0 = 4*x - 4 - 12. Suppose -x*z - d = -0*y - y, -2*z = 4. What is the tens digit of y?
1
Let n be ((-12)/(-15))/((-3)/(-240)